at is the highest common divisor of 260 and 37648?
52
Calculate the greatest common factor of 3717 and 1017.
9
What is the highest common divisor of 2700 and 51075?
225
Calculate the highest common factor of 11390 and 153.
17
What is the greatest common factor of 23829 and 1157?
13
Calculate the greatest common divisor of 24382 and 2672.
334
What is the highest common factor of 960083 and 668?
167
Calculate the highest common divisor of 72485 and 7.
7
What is the greatest common divisor of 64 and 7316?
4
What is the greatest common divisor of 187 and 2014925?
187
What is the highest common factor of 996 and 43644?
12
What is the highest common divisor of 7228 and 2106?
26
Calculate the highest common factor of 60 and 1359132.
12
Calculate the greatest common factor of 992 and 34844.
124
Calculate the highest common factor of 134 and 17353.
67
Calculate the highest common factor of 2250 and 6780.
30
Calculate the greatest common factor of 1895 and 185.
5
What is the greatest common divisor of 33000 and 24090?
330
Calculate the greatest common factor of 17 and 48756.
17
What is the greatest common factor of 2898 and 1288?
322
Calculate the highest common factor of 477365 and 175.
35
What is the highest common divisor of 22 and 68662?
22
What is the highest common divisor of 149245 and 855?
95
Calculate the highest common factor of 1386 and 27423.
99
Calculate the highest common divisor of 81 and 256203.
81
Calculate the highest common divisor of 303 and 79689.
303
Calculate the highest common divisor of 792 and 57468.
12
Calculate the highest common factor of 15863 and 3282.
547
What is the highest common divisor of 4041084 and 12?
12
What is the highest common factor of 216 and 2194344?
216
What is the greatest common factor of 16050 and 1260?
30
Calculate the highest common factor of 437 and 2726880.
437
Calculate the highest common divisor of 68 and 982226.
34
What is the greatest common divisor of 2416 and 18875?
151
Calculate the highest common factor of 1462 and 646.
34
Calculate the greatest common factor of 15301 and 9061.
13
Calculate the greatest common factor of 3341849 and 343.
343
What is the highest common divisor of 11921 and 56?
7
Calculate the greatest common divisor of 1000 and 120.
40
What is the greatest common factor of 8690 and 172150?
110
Calculate the greatest common factor of 13800 and 6095.
115
What is the greatest common divisor of 21 and 30639?
21
What is the highest common factor of 350 and 49000?
350
What is the greatest common divisor of 20624 and 8?
8
What is the greatest common factor of 14 and 492394?
14
What is the highest common factor of 26244 and 1386?
18
What is the highest common divisor of 19255 and 125?
5
Calculate the highest common factor of 21308 and 1904.
28
Calculate the highest common divisor of 45738 and 44.
22
Calculate the greatest common divisor of 190 and 1389166.
38
What is the greatest common divisor of 33620 and 960?
20
Calculate the highest common factor of 2785896 and 72.
72
Calculate the highest common factor of 7002 and 486.
18
What is the greatest common divisor of 66 and 1111616?
22
What is the highest common factor of 118200 and 96?
24
What is the greatest common factor of 12240 and 760?
40
What is the greatest common divisor of 91562 and 34?
34
Calculate the highest common divisor of 21 and 496650.
21
Calculate the greatest common factor of 32623 and 2641.
19
What is the greatest common factor of 615 and 179826?
123
Calculate the highest common factor of 6466 and 2440.
122
What is the greatest common factor of 1784 and 446446?
446
Calculate the highest common divisor of 2032 and 1552.
16
What is the highest common divisor of 349 and 139949?
349
Calculate the greatest common factor of 646 and 94418.
34
What is the highest common divisor of 8113 and 7847?
133
What is the greatest common divisor of 62 and 52762?
62
Calculate the highest common divisor of 22600 and 32.
8
What is the highest common divisor of 3450 and 32650?
50
What is the highest common divisor of 4759 and 3?
1
Calculate the highest common divisor of 14945 and 63.
7
What is the greatest common factor of 2580 and 4773?
129
What is the highest common factor of 199 and 3629760?
199
Calculate the greatest common factor of 75556 and 520.
52
Calculate the greatest common divisor of 93066 and 30.
6
What is the greatest common factor of 2417149 and 14?
7
Calculate the greatest common divisor of 1970 and 3152.
394
Calculate the greatest common divisor of 62 and 999781.
31
What is the greatest common factor of 169388 and 204?
68
What is the highest common factor of 55 and 96065?
5
Calculate the highest common factor of 4001 and 503.
1
Calculate the greatest common factor of 1551 and 11451.
33
Calculate the greatest common divisor of 60 and 675.
15
Calculate the greatest common divisor of 1587 and 1362175.
529
Calculate the highest common divisor of 51 and 8406.
3
Calculate the greatest common factor of 4575 and 1281.
183
Calculate the highest common factor of 6740 and 740.
20
What is the highest common divisor of 353 and 2653501?
353
Calculate the highest common divisor of 704 and 1034.
22
What is the highest common factor of 168 and 106960?
56
Calculate the greatest common divisor of 495 and 180135.
45
What is the greatest common divisor of 18 and 48414?
6
Calculate the highest common factor of 43641 and 3730.
373
Calculate the greatest common divisor of 52 and 157196.
52
Calculate the greatest common factor of 1819 and 116093.
17
Calculate the greatest common divisor of 3952 and 14573.
247
Calculate the greatest common factor of 45 and 13815.
45
Calculate the greatest common divisor of 11648 and 21021.
91
What is the greatest common divisor of 50 and 530?
10
Calculate the highest common factor of 494 and 1885.
13
What is the highest common divisor of 628 and 59660?
628
Calculate the highest common divisor of 2747382 and 462.
66
Calculate the greatest common factor of 1782760 and 80.
40
What is the greatest common divisor of 140 and 17038?
14
What is the highest common factor of 990 and 49110?
30
What is the greatest common divisor of 14865522 and 354?
354
Calculate the greatest common factor of 162423 and 63.
9
What is the greatest common factor of 1146 and 174?
6
Calculate the highest common factor of 11753 and 43946.
511
Calculate the greatest common factor of 232 and 1607325.
29
Calculate the greatest common factor of 5650 and 2065.
5
What is the greatest common divisor of 501 and 67635?
501
What is the highest common divisor of 19497675 and 23?
23
Calculate the greatest common divisor of 24 and 190.
2
What is the highest common divisor of 80 and 162300?
20
Calculate the highest common divisor of 72176 and 1274.
26
What is the greatest common divisor of 18 and 289863?
9
What is the highest common divisor of 296388 and 36?
36
What is the highest common factor of 8897 and 1148?
287
Calculate the highest common factor of 5383930 and 40.
10
What is the highest common factor of 27500 and 3950?
50
What is the highest common divisor of 918 and 50841?
27
What is the greatest common factor of 2546 and 454461?
1273
Calculate the highest common factor of 3801 and 3892.
7
Calculate the highest common divisor of 4688 and 5392.
16
Calculate the greatest common factor of 23295 and 285.
15
What is the greatest common divisor of 36743 and 406?
203
What is the greatest common factor of 516876 and 304?
76
What is the highest common divisor of 109033 and 107?
107
What is the greatest common factor of 248 and 76352?
8
What is the highest common factor of 2013729 and 93?
93
Calculate the greatest common factor of 11135 and 216805.
655
Calculate the highest common factor of 170445 and 165.
165
Calculate the highest common factor of 3528 and 1893528.
504
Calculate the greatest common divisor of 3716154 and 130.
26
What is the highest common divisor of 331065 and 90?
45
Calculate the highest common factor of 627 and 8493.
57
What is the highest common factor of 5994 and 190809?
999
What is the greatest common factor of 2750 and 250690?
110
What is the greatest common factor of 352072 and 112?
56
What is the greatest common factor of 41 and 309181?
41
What is the greatest common divisor of 1615 and 675355?
95
What is the highest common divisor o